{"id":336,"date":"2018-07-25T11:54:39","date_gmt":"2018-07-25T09:54:39","guid":{"rendered":"http:\/\/liebefuersiebe.de\/?post_type=product&#038;p=336"},"modified":"2025-12-09T16:01:17","modified_gmt":"2025-12-09T15:01:17","slug":"faultier-turnbeutel-mit-farbverlauf","status":"publish","type":"product","link":"http:\/\/liebefuersiebe.de\/?product=faultier-turnbeutel-mit-farbverlauf","title":{"rendered":"50 Shirts inkl. einfarbigem Druck"},"content":{"rendered":"<p class=\"headline-100\">50 T-Shirts B&amp;C Jersey 185g, Vegan, Faire Arbeitsbedingungen, Better Cotton<\/p>\n<p class=\"headline-100\">Ihr schickt euer Motiv und ich druck es auf die Shirts. Druckgr\u00f6\u00dfe bis A3, einfarbig, Vorne oder Hinten platzierbar.\u00a0<\/p>\n<p><\/p>\n<div class=\"translated user-markdown\">\n<p><strong>Gr\u00f6\u00dfe: <\/strong><\/p>\n<p>Zwischen S &#8211; XXL frei w\u00e4hlbar, 3XL-5XL gegen Aufpreis<\/p>\n<p><strong>Farbe:<\/strong><br \/>Farbe der Shirts und vom Druck k\u00f6nnt ihr euch aussuchen<\/p>\n<p><strong>Material:<\/strong><br \/>100 % Baumwolle<\/p>\n<p><strong>Herstellung<\/strong><br \/>Handsiebdruck aus dem Bergischen Land<\/p>\n<p><strong>Pflegehinweis<\/strong><br \/>Auf Links gedreht bei maximal 30 &#8211; 40 \u00b0C waschen<\/p>\n<\/div>\n\n\n<p><\/p>\n","protected":false},"excerpt":{"rendered":"<p>50 T-Shirts B&amp;C Jersey 185g, Vegan, Faire Arbeitsbedingungen, Better Cotton Ihr schickt euer Motiv und ich druck es auf die Shirts. Druckgr\u00f6\u00dfe bis A3, einfarbig, Vorne oder Hinten platzierbar.\u00a0 Gr\u00f6\u00dfe: Zwischen S &#8211; XXL frei w\u00e4hlbar, 3XL-5XL gegen Aufpreis Farbe:Farbe der Shirts und vom Druck k\u00f6nnt ihr euch aussuchen Material:100 [&hellip;]<\/p>\n","protected":false},"featured_media":2694,"comment_status":"closed","ping_status":"closed","template":"","meta":[],"_links":{"self":[{"href":"http:\/\/liebefuersiebe.de\/index.php?rest_route=\/wp\/v2\/product\/336"}],"collection":[{"href":"http:\/\/liebefuersiebe.de\/index.php?rest_route=\/wp\/v2\/product"}],"about":[{"href":"http:\/\/liebefuersiebe.de\/index.php?rest_route=\/wp\/v2\/types\/product"}],"replies":[{"embeddable":true,"href":"http:\/\/liebefuersiebe.de\/index.php?rest_route=%2Fwp%2Fv2%2Fcomments&post=336"}],"wp:featuredmedia":[{"embeddable":true,"href":"http:\/\/liebefuersiebe.de\/index.php?rest_route=\/wp\/v2\/media\/2694"}],"wp:attachment":[{"href":"http:\/\/liebefuersiebe.de\/index.php?rest_route=%2Fwp%2Fv2%2Fmedia&parent=336"}],"curies":[{"name":"wp","href":"https:\/\/api.w.org\/{rel}","templated":true}]}}